 of 27?
True
Is 21 a factor of 2002854?
True
Is 1337854 a multiple of 7?
True
Does 105 divide 3189965?
False
Is 189983 a multiple of 59?
False
Does 4 divide 74391?
False
Does 81 divide 208494?
True
Does 456 divide 119016?
True
Is 155056 a multiple of 22?
True
Is 290 a factor of 3710817?
False
Is 1390903 a multiple of 39?
False
Is 10203247 a multiple of 37?
False
Does 293 divide 2760863?
False
Is 4558500 a multiple of 150?
True
Is 449827 a multiple of 2?
False
Is 37 a factor of 2844510?
False
Is 84 a factor of 584473?
False
Is 339 a factor of 919275?
False
Is 456 a factor of 2687271?
False
Is 264082 a multiple of 13?
True
Does 18 divide 134388?
True
Does 254 divide 13926820?
True
Does 989 divide 5425198?
False
Does 62 divide 316634?
True
Does 223 divide 318667?
True
Is 302625 a multiple of 225?
True
Is 25 a factor of 250875?
True
Is 6 a factor of 145118?
False
Is 173 a factor of 5824638?
False
Is 622192 a multiple of 16?
True
Does 10 divide 26321?
False
Is 75582 a multiple of 6?
True
Is 7961462 a multiple of 158?
True
Does 62 divide 166861?
False
Is 474 a factor of 465468?
True
Is 206 a factor of 2474266?
True
Does 433 divide 1460509?
True
Is 72562 a multiple of 146?
True
Does 427 divide 10521817?
False
Does 987 divide 862638?
True
Does 107 divide 25009769?
False
Is 206 a factor of 315655?
False
Is 453580 a multiple of 87?
False
Is 7 a factor of 74634?
True
Is 527136 a multiple of 608?
True
Is 121 a factor of 57233?
True
Is 1186552 a multiple of 20?
False
Does 892 divide 8321392?
False
Is 257607 a multiple of 423?
True
Is 2123506 a multiple of 14?
True
Is 35840 a multiple of 14?
True
Is 530294 a multiple of 90?
False
Is 120 a factor of 1323360?
True
Is 6253871 a multiple of 13?
True
Is 289440 a multiple of 24?
True
Is 154 a factor of 115300?
False
Is 7156570 a multiple of 171?
False
Is 17 a factor of 239751?
True
Is 90 a factor of 2399919?
False
Is 482146 even?
True
Is 335 a factor of 4360264?
False
Does 81 divide 342495?
False
Is 42 a factor of 654914?
False
Is 72 a factor of 5769432?
True
Does 1457 divide 4593716?
False
Is 1962067 a multiple of 14?
False
Does 44 divide 7143840?
True
Is 5 a factor of 92581?
False
Is 29 a factor of 1576083?
False
Is 7047 a multiple of 4?
False
Is 31 a factor of 11202504?
False
Does 6 divide 820738?
False
Is 14 a factor of 1981224?
True
Is 26 a factor of 99788?
True
Does 73 divide 4737939?
False
Does 4 divide 168145?
False
Is 9245600 a multiple of 127?
True
Is 110 a factor of 2034062?
False
Is 173097 a multiple of 41?
False
Is 7646106 a multiple of 1258?
False
Is 643790 a multiple of 238?
True
Is 42 a factor of 258381?
False
Does 9 divide 85716?
True
Is 2097391 a multiple of 608?
False
Does 56 divide 127120?
True
Is 39 a factor of 660285?
False
Is 68 a factor of 1719983?
False
Is 393436 a multiple of 41?
True
Does 15 divide 66841?
False
Is 215654 a multiple of 385?
False
Does 12 divide 1064544?
True
Is 632688 a multiple of 538?
True
Does 15 divide 248190?
True
Is 597591 a multiple of 111?
False
Does 160 divide 364480?
True
Is 16 a factor of 1684915?
False
Is 11819052 a multiple of 17?
False
Is 8 a factor of 23745592?
True
Does 10 divide 659858?
False
Does 520 divide 1095120?
True
Does 4 divide 76103?
False
Is 14 a factor of 7521808?
True
Is 222324 a multiple of 26?
False
Is 41 a factor of 12626906?
False
Is 414344 a multiple of 196?
True
Does 19 divide 3932481?
False
Is 5741869 a multiple of 7?
True
Is 17 a factor of 347356?
False
Does 63 divide 254142?
True
Is 290 a factor of 51040?
True
Does 37 divide 33152?
True
Does 160 divide 338288?
False
Is 91812 a multiple of 6?
True
Is 7 a factor of 375862?
False
Is 207 a factor of 1521600?
False
Does 54 divide 86616?
True
Is 55411 a multiple of 4?
False
Is 9639 a multiple of 119?
True
Does 1473 divide 3227343?
True
Does 1089 divide 2118105?
True
Is 24 a factor of 21684192?
True
Is 137 a factor of 6765471?
True
Is 10149 a multiple of 34?
False
Is 12 a factor of 529961?
False
Is 549449 a multiple of 15?
False
Does 12 divide 14577541?
False
Is 134165 a multiple of 12?
False
Does 464 divide 213679?
False
Is 21385072 a multiple of 16?
True
Is 17 a factor of 288202?
False
Does 160 divide 6646?
False
Is 11 a factor of 1331220?
True
Is 271 a factor of 103793?
True
Is 2718865 a multiple of 26?
False
Does 667 divide 7961159?
False
Is 7 a factor of 128359?
True
Is 128436 a multiple of 77?
True
Does 18 divide 5186309?
False
Is 332413 a multiple of 31?
True
Is 2349948 a multiple of 13?
False
Is 231037 a multiple of 499?
True
Does 11 divide 2018401?
True
Is 111689 even?
False
Is 14 a factor of 1328306?
True
Is 13287201 a multiple of 1421?
False
Is 14 a factor of 52667?
False
Does 72 divide 7600752?
True
Is 99 a factor of 1307790?
True
Does 303 divide 78368?
False
Is 158 a factor of 5681996?
True
Is 4015916 a multiple of 53?
True
Does 119 divide 329625?
False
Is 259 a factor of 5946122?
True
Is 1134490 a multiple of 493?
False
Does 202 divide 8518946?
True
Does 2 divide 6811467?
False
Is 53 a factor of 6418406?
True
Does 1240 divide 75102?
False
Does 57 divide 2218293?
False
Is 694490 a multiple of 773?
False
Is 11950440 a multiple of 10?
True
Is 1466640 a multiple of 540?
True
Does 21 divide 122570?
False
Is 8 a factor of 280939?
False
Does 98 divide 533512?
True
Is 20989696 a multiple of 476?
True
Is 271426 a multiple of 226?
True
Is 10 a factor of 1537190?
True
Is 1524648 a multiple of 12?
True
Is 18709 a multiple of 11?
False
Is 2053 a factor of 2338367?
True
Does 19 divide 438596?
True
Does 46 divide 11401468?
True
Does 141 divide 376893?
True
Is 3641581 a multiple of 92?
False
Is 14 a factor of 25242?
True
Is 41532 a multiple of 37?
False
Does 817 divide 1333397?
False
Is 3173 a multiple of 7?
False
Is 727492 a multiple of 220?
False
Does 20 divide 6540?
True
Does 252 divide 6209947?
False
Is 92664 a multiple of 324?
True
Is 2768173 a multiple of 33?
False
Does 14 divide 779576?
True
Is 3605760 a multiple of 31?
False
Does 20 divide 10635484?
False
Does 16 divide 1743403?
False
Is 355914 a multiple of 351?
True
Is 439 a factor of 434046?
False
Does 121 divide 328180?
False
Is 1372029 a multiple of 127?
False
Does 16 divide 36266?
False
Does 348 divide 503066?
False
Does 6 divide 1819460?
False
Is 210006 a multiple of 8?
False
Does 305 divide 2894145?
True
Is 23 a factor of 429457?
False
Is 11624 a multiple of 8?
True
Is 62 a factor of 429929?
False
Is 17 a factor of 1047582?
False
Does 78 divide 184842?
False
Does 8 divide 105801?
False
Does 549 divide 6491178?
False
Does 81 divide 2348514?
True
Does 10 divide 1398911?
False
Is 292 a factor of 14813452?
True
Is 60051 a multiple of 33?
False
Does 32 divide 25723776?
True
Is 141943 a multiple of 16?
False
Is 17 a factor of 846295?
False
Does 4 divide 10211?
False
Is 196656 a multiple of 408?
True
Is 72 a factor of 3212928?
True
Does 50 divide 66605?
False
Is 5160168 a multiple of 111?
True
Does 145 divide 358875?
True
Is 842 a factor of 159980?
True
Is 167965 a multiple of 14?
False
Does 9 divide 1054781?
False
Is 63 a factor of 38812?
False
Is 175 a factor of 946383?
False
Does 25 divide 62463?
False
Is 20 a factor of 5131?
False
Is 30 a factor of 1850040?
True
Is 173 a factor of 179601?
False
Is 37 a factor of 177399?
False
Is 46 a factor of 519616?
True
Does 16 divide 88332?
False
Is 942700 a multiple of 5?
True
Does 347 divide 2092410?
True
Is 495 a factor of 465795?
True
Is 80780 a multiple of 14?
True
Is 22948 a multiple of 2?
True
Is 139 a factor of 657352?
False
Is 1200745 a multiple of 203?
True
Is 62 a factor of 404860?
True
Does 250 divide 1686056?
False
Is 551 a multiple of 21?
False
Is 129024 a multiple of 28?
True
Does 74 divide 222000?
True
Is 5 a factor of 3221085?
True
Is 36960 a multiple of 77?
True
Is 851235 a multiple of 55?
True
Is 836631 a multiple of 353?
False
Is 253704 a multiple of 4?
True
Does 260 divide 492251?
False
Is 6305930 a multiple of 399?
False
Is 584 a factor of 3028568?
False
Is 703314 a multiple of 123?
True
Does 16 divide 129422?
False
Does 64 divide 19456?
True
Is 5162045 a multiple of 3?
False
Does 108 divide 34457?
False
Does 16 divide 1008976?
True
Does 58 divide 3425731?
False
Is 596496 a multiple of 43?
True
Is 248 a factor of 360056?
False
Does 401 divide 9453748?
False
Does 14 